{"id":148,"date":"2016-07-05T14:54:37","date_gmt":"2016-07-05T14:54:37","guid":{"rendered":"http:\/\/ferienhaus-zaepernick.de\/?page_id=148"},"modified":"2024-06-28T09:29:43","modified_gmt":"2024-06-28T09:29:43","slug":"ostsee-urlaub","status":"publish","type":"page","link":"https:\/\/ferienhaus-zaepernick.de\/index.php\/ostsee-urlaub\/","title":{"rendered":"Ostsee Urlaub"},"content":{"rendered":"<div id='av_section_1' class='avia-section main_color avia-section-default avia-no-border-styling av-parallax-section avia-bg-style-parallax  avia-builder-el-0  el_before_av_heading  avia-builder-el-first   av-minimum-height av-minimum-height-50 container_wrap sidebar_right' style=' '  data-section-bg-repeat='no-repeat'><div class='av-parallax' data-avia-parallax-ratio='0.3' ><div class='av-parallax-inner main_color  avia-full-stretch' style = 'background-repeat: no-repeat; background-image: url(https:\/\/ferienhaus-zaepernick.de\/wp-content\/uploads\/ostsee-urlaub-1.jpg);background-attachment: scroll; background-position: bottom center; ' ><\/div><\/div><div class='container' ><main  role=\"main\" itemprop=\"mainContentOfPage\"  class='template-page content  av-content-small alpha units'><div class='post-entry post-entry-type-page post-entry-148'><div class='entry-content-wrapper clearfix'><\/div><\/div><\/main><!-- close content main element --><\/div><\/div><div id='after_section_1' class='main_color av_default_container_wrap container_wrap sidebar_right' style=' '  ><div class='container' ><div class='template-page content  av-content-small alpha units'><div class='post-entry post-entry-type-page post-entry-148'><div class='entry-content-wrapper clearfix'>\n<div style='padding-bottom:10px; ' class='av-special-heading av-special-heading-h1  blockquote modern-quote modern-centered  avia-builder-el-1  el_after_av_section  el_before_av_hr  avia-builder-el-first   '><h1 class='av-special-heading-tag '  itemprop=\"headline\"  >Ihr Ostsee Urlaub<\/h1><div class ='av-subheading av-subheading_below  ' style='font-size:25px;'><p>Umgebung Fischland &#8211; Darss<\/p>\n<\/div><div class='special-heading-border'><div class='special-heading-inner-border' ><\/div><\/div><\/div>\n<div  class='hr hr-short hr-center   avia-builder-el-2  el_after_av_heading  el_before_av_textblock '><span class='hr-inner ' ><span class='hr-inner-style'><\/span><\/span><\/div>\n<section class=\"av_textblock_section \"  itemscope=\"itemscope\" itemtype=\"https:\/\/schema.org\/CreativeWork\" ><div class='avia_textblock  '   itemprop=\"text\" ><p style=\"text-align: center;\">Das Seebad Dierhagen liegt direkt auf dem Fischland, ein Landstrich zwischen Ostsee und Saaler Bodden welcher das Festland mit der Halbinsel Darss und Zingst verbindet und ist der perfekte ort f\u00fcr Ihren Ostsee Urlaub. Dierhagen besteht aus den Ortsteilen Dierhagen Dorf und D\u00e4ndorf die sich direkt am Bodden befinden und den Siedlungen Neuhaus, Dierhagen Strand und Dierhagen Ost direkt an der Ostsee. Die Umgebung ist von langen steinfreien Sandstr\u00e4nden, ausgedehnten K\u00fcstenw\u00e4ldern und D\u00fcnenlanschaften gepr\u00e4gt.<\/p>\n<\/div><\/section>\n<div class=\"flex_column av_one_full  flex_column_div av-zero-column-padding first  avia-builder-el-4  el_after_av_textblock  el_before_av_textblock  column-top-margin\" style='border-radius:0px; '><div id='av-masonry-1' class='av-masonry  noHover av-fixed-size av-large-gap av-hover-overlay-active av-masonry-animation-active av-masonry-col-3 av-caption-always av-caption-style- av-masonry-gallery     '  ><div class='av-masonry-container isotope av-js-disabled ' ><div class='av-masonry-entry isotope-item av-masonry-item-no-image '><\/div><a href=\"https:\/\/ferienhaus-zaepernick.de\/wp-content\/uploads\/ostsee-urlaub2.jpg\" id='av-masonry-1-item-161' data-av-masonry-item='161' class='av-masonry-entry isotope-item post-161 attachment type-attachment status-inherit hentry  av-masonry-item-with-image' title=\"ostsee-urlaub2\"  itemprop=\"thumbnailUrl\" ><div class='av-inner-masonry-sizer'><\/div><figure class='av-inner-masonry main_color'><div class=\"av-masonry-outerimage-container\"><div class=\"av-masonry-image-container\" style=\"background-image: url(https:\/\/ferienhaus-zaepernick.de\/wp-content\/uploads\/ostsee-urlaub2-705x443.jpg);\" title=\"ostsee-urlaub2\" ><\/div><\/div><\/figure><\/a><!--end av-masonry entry--><a href=\"https:\/\/ferienhaus-zaepernick.de\/wp-content\/uploads\/ostsee-urlaub3.jpg\" id='av-masonry-1-item-159' data-av-masonry-item='159' class='av-masonry-entry isotope-item post-159 attachment type-attachment status-inherit hentry  av-masonry-item-with-image' title=\"ostsee-urlaub3\"  itemprop=\"thumbnailUrl\" ><div class='av-inner-masonry-sizer'><\/div><figure class='av-inner-masonry main_color'><div class=\"av-masonry-outerimage-container\"><div class=\"av-masonry-image-container\" style=\"background-image: url(https:\/\/ferienhaus-zaepernick.de\/wp-content\/uploads\/ostsee-urlaub3-705x443.jpg);\" title=\"ostsee-urlaub3\" ><\/div><\/div><\/figure><\/a><!--end av-masonry entry--><a href=\"https:\/\/ferienhaus-zaepernick.de\/wp-content\/uploads\/ostsee-urlaub1.jpg\" id='av-masonry-1-item-160' data-av-masonry-item='160' class='av-masonry-entry isotope-item post-160 attachment type-attachment status-inherit hentry  av-masonry-item-with-image' title=\"ostsee-urlaub1\"  itemprop=\"thumbnailUrl\" ><div class='av-inner-masonry-sizer'><\/div><figure class='av-inner-masonry main_color'><div class=\"av-masonry-outerimage-container\"><div class=\"av-masonry-image-container\" style=\"background-image: url(https:\/\/ferienhaus-zaepernick.de\/wp-content\/uploads\/ostsee-urlaub1-705x444.jpg);\" title=\"ostsee-urlaub1\" ><\/div><\/div><\/figure><\/a><!--end av-masonry entry--><\/div><\/div><\/div><section class=\"av_textblock_section \"  itemscope=\"itemscope\" itemtype=\"https:\/\/schema.org\/CreativeWork\" ><div class='avia_textblock  '   itemprop=\"text\" ><p style=\"text-align: center;\">Tagesausfl\u00fcge mit dem Fahrrad oder dem Auto laden zur Endeckung des Fischlandes und der Halbinsel Zingst ein. Eines der sch\u00f6nsten Ausflugsziele jedoch stellt der Darsser Urwald und der sich anschlie\u00dfende Weststrand dar. Hier erleben Sie noch heute eine urw\u00fcchsige Natur und einen Strand, der Ihnen das Gef\u00fchl einer unbewohnten S\u00fcdseeinsel vermittelt.<\/p>\n<p style=\"text-align: center;\">J\u00e4hrliche H\u00f6hepunkte in Dierhagen sind das Hafenfest, Tonnenabschlagen und die allj\u00e4hrlich stattfindende Zeesenbootregatta. Weiterhin finden Sie attraktive Angebote wie Segeln, Surfen, Reiten, Wandern, Angeln und Minigolf. <strong>Wir freuen uns auf Sie und w\u00fcnschen Ihnen und Ihrer Familie einen angenehmen und unvergesslichen Urlaub. <\/strong><\/p>\n<\/div><\/section><\/p>\n","protected":false},"excerpt":{"rendered":"","protected":false},"author":1,"featured_media":0,"parent":0,"menu_order":0,"comment_status":"closed","ping_status":"closed","template":"","meta":[],"yoast_head":"<!-- This site is optimized with the Yoast SEO plugin v19.9 - https:\/\/yoast.com\/wordpress\/plugins\/seo\/ -->\n<title>Ostsee Urlaub - Ferienhaus Fischland Darss<\/title>\n<meta name=\"description\" content=\"Freuen Sie sich auf Ihren Ostsee Urlaub auf dem Fischland - Darss in Ihrem Ferienhaus, direkt am Ostseestrand. Wir freuen uns auf Ihren Besuch.\" \/>\n<meta name=\"robots\" content=\"index, follow, max-snippet:-1, max-image-preview:large, max-video-preview:-1\" \/>\n<link rel=\"canonical\" href=\"https:\/\/ferienhaus-zaepernick.de\/index.php\/ostsee-urlaub\/\" \/>\n<meta property=\"og:locale\" content=\"de_DE\" \/>\n<meta property=\"og:type\" content=\"article\" \/>\n<meta property=\"og:title\" content=\"Ostsee Urlaub - Ferienhaus Fischland Darss\" \/>\n<meta property=\"og:description\" content=\"Freuen Sie sich auf Ihren Ostsee Urlaub auf dem Fischland - Darss in Ihrem Ferienhaus, direkt am Ostseestrand. Wir freuen uns auf Ihren Besuch.\" \/>\n<meta property=\"og:url\" content=\"https:\/\/ferienhaus-zaepernick.de\/index.php\/ostsee-urlaub\/\" \/>\n<meta property=\"og:site_name\" content=\"Ferienhaus Fischland Darss\" \/>\n<meta property=\"article:modified_time\" content=\"2024-06-28T09:29:43+00:00\" \/>\n<meta name=\"twitter:card\" content=\"summary_large_image\" \/>\n<meta name=\"twitter:label1\" content=\"Gesch\u00e4tzte Lesezeit\" \/>\n\t<meta name=\"twitter:data1\" content=\"2\u00a0Minuten\" \/>\n<script type=\"application\/ld+json\" class=\"yoast-schema-graph\">{\"@context\":\"https:\/\/schema.org\",\"@graph\":[{\"@type\":\"WebPage\",\"@id\":\"https:\/\/ferienhaus-zaepernick.de\/index.php\/ostsee-urlaub\/\",\"url\":\"https:\/\/ferienhaus-zaepernick.de\/index.php\/ostsee-urlaub\/\",\"name\":\"Ostsee Urlaub - Ferienhaus Fischland Darss\",\"isPartOf\":{\"@id\":\"https:\/\/ferienhaus-zaepernick.de\/#website\"},\"datePublished\":\"2016-07-05T14:54:37+00:00\",\"dateModified\":\"2024-06-28T09:29:43+00:00\",\"description\":\"Freuen Sie sich auf Ihren Ostsee Urlaub auf dem Fischland - Darss in Ihrem Ferienhaus, direkt am Ostseestrand. Wir freuen uns auf Ihren Besuch.\",\"breadcrumb\":{\"@id\":\"https:\/\/ferienhaus-zaepernick.de\/index.php\/ostsee-urlaub\/#breadcrumb\"},\"inLanguage\":\"de\",\"potentialAction\":[{\"@type\":\"ReadAction\",\"target\":[\"https:\/\/ferienhaus-zaepernick.de\/index.php\/ostsee-urlaub\/\"]}]},{\"@type\":\"BreadcrumbList\",\"@id\":\"https:\/\/ferienhaus-zaepernick.de\/index.php\/ostsee-urlaub\/#breadcrumb\",\"itemListElement\":[{\"@type\":\"ListItem\",\"position\":1,\"name\":\"Startseite\",\"item\":\"https:\/\/ferienhaus-zaepernick.de\/\"},{\"@type\":\"ListItem\",\"position\":2,\"name\":\"Ostsee Urlaub\"}]},{\"@type\":\"WebSite\",\"@id\":\"https:\/\/ferienhaus-zaepernick.de\/#website\",\"url\":\"https:\/\/ferienhaus-zaepernick.de\/\",\"name\":\"Ferienhaus Fischland Darss\",\"description\":\"Eine weitere WordPress-Seite\",\"potentialAction\":[{\"@type\":\"SearchAction\",\"target\":{\"@type\":\"EntryPoint\",\"urlTemplate\":\"https:\/\/ferienhaus-zaepernick.de\/?s={search_term_string}\"},\"query-input\":\"required name=search_term_string\"}],\"inLanguage\":\"de\"}]}<\/script>\n<!-- \/ Yoast SEO plugin. -->","yoast_head_json":{"title":"Ostsee Urlaub - Ferienhaus Fischland Darss","description":"Freuen Sie sich auf Ihren Ostsee Urlaub auf dem Fischland - Darss in Ihrem Ferienhaus, direkt am Ostseestrand. Wir freuen uns auf Ihren Besuch.","robots":{"index":"index","follow":"follow","max-snippet":"max-snippet:-1","max-image-preview":"max-image-preview:large","max-video-preview":"max-video-preview:-1"},"canonical":"https:\/\/ferienhaus-zaepernick.de\/index.php\/ostsee-urlaub\/","og_locale":"de_DE","og_type":"article","og_title":"Ostsee Urlaub - Ferienhaus Fischland Darss","og_description":"Freuen Sie sich auf Ihren Ostsee Urlaub auf dem Fischland - Darss in Ihrem Ferienhaus, direkt am Ostseestrand. Wir freuen uns auf Ihren Besuch.","og_url":"https:\/\/ferienhaus-zaepernick.de\/index.php\/ostsee-urlaub\/","og_site_name":"Ferienhaus Fischland Darss","article_modified_time":"2024-06-28T09:29:43+00:00","twitter_card":"summary_large_image","twitter_misc":{"Gesch\u00e4tzte Lesezeit":"2\u00a0Minuten"},"schema":{"@context":"https:\/\/schema.org","@graph":[{"@type":"WebPage","@id":"https:\/\/ferienhaus-zaepernick.de\/index.php\/ostsee-urlaub\/","url":"https:\/\/ferienhaus-zaepernick.de\/index.php\/ostsee-urlaub\/","name":"Ostsee Urlaub - Ferienhaus Fischland Darss","isPartOf":{"@id":"https:\/\/ferienhaus-zaepernick.de\/#website"},"datePublished":"2016-07-05T14:54:37+00:00","dateModified":"2024-06-28T09:29:43+00:00","description":"Freuen Sie sich auf Ihren Ostsee Urlaub auf dem Fischland - Darss in Ihrem Ferienhaus, direkt am Ostseestrand. Wir freuen uns auf Ihren Besuch.","breadcrumb":{"@id":"https:\/\/ferienhaus-zaepernick.de\/index.php\/ostsee-urlaub\/#breadcrumb"},"inLanguage":"de","potentialAction":[{"@type":"ReadAction","target":["https:\/\/ferienhaus-zaepernick.de\/index.php\/ostsee-urlaub\/"]}]},{"@type":"BreadcrumbList","@id":"https:\/\/ferienhaus-zaepernick.de\/index.php\/ostsee-urlaub\/#breadcrumb","itemListElement":[{"@type":"ListItem","position":1,"name":"Startseite","item":"https:\/\/ferienhaus-zaepernick.de\/"},{"@type":"ListItem","position":2,"name":"Ostsee Urlaub"}]},{"@type":"WebSite","@id":"https:\/\/ferienhaus-zaepernick.de\/#website","url":"https:\/\/ferienhaus-zaepernick.de\/","name":"Ferienhaus Fischland Darss","description":"Eine weitere WordPress-Seite","potentialAction":[{"@type":"SearchAction","target":{"@type":"EntryPoint","urlTemplate":"https:\/\/ferienhaus-zaepernick.de\/?s={search_term_string}"},"query-input":"required name=search_term_string"}],"inLanguage":"de"}]}},"_links":{"self":[{"href":"https:\/\/ferienhaus-zaepernick.de\/index.php\/wp-json\/wp\/v2\/pages\/148"}],"collection":[{"href":"https:\/\/ferienhaus-zaepernick.de\/index.php\/wp-json\/wp\/v2\/pages"}],"about":[{"href":"https:\/\/ferienhaus-zaepernick.de\/index.php\/wp-json\/wp\/v2\/types\/page"}],"author":[{"embeddable":true,"href":"https:\/\/ferienhaus-zaepernick.de\/index.php\/wp-json\/wp\/v2\/users\/1"}],"replies":[{"embeddable":true,"href":"https:\/\/ferienhaus-zaepernick.de\/index.php\/wp-json\/wp\/v2\/comments?post=148"}],"version-history":[{"count":8,"href":"https:\/\/ferienhaus-zaepernick.de\/index.php\/wp-json\/wp\/v2\/pages\/148\/revisions"}],"predecessor-version":[{"id":157,"href":"https:\/\/ferienhaus-zaepernick.de\/index.php\/wp-json\/wp\/v2\/pages\/148\/revisions\/157"}],"wp:attachment":[{"href":"https:\/\/ferienhaus-zaepernick.de\/index.php\/wp-json\/wp\/v2\/media?parent=148"}],"curies":[{"name":"wp","href":"https:\/\/api.w.org\/{rel}","templated":true}]}}